{"id":25,"date":"2023-11-24T21:15:13","date_gmt":"2023-11-24T20:15:13","guid":{"rendered":"https:\/\/vhs-architecture.fr\/?page_id=25"},"modified":"2026-01-30T18:01:49","modified_gmt":"2026-01-30T17:01:49","slug":"25-2","status":"publish","type":"page","link":"https:\/\/vhs-architecture.fr\/","title":{"rendered":""},"content":{"rendered":"\n<h2 class=\"wp-block-heading has-text-align-center\"><strong>NOUS<\/strong><\/h2>\n\n\n\n<div class=\"wp-block-columns is-layout-flex wp-container-core-columns-is-layout-28f84493 wp-block-columns-is-layout-flex\">\n<div class=\"wp-block-column is-layout-flow wp-block-column-is-layout-flow\" style=\"flex-basis:33.33%\">\n<figure class=\"wp-block-image\"><img loading=\"lazy\" decoding=\"async\" width=\"759\" height=\"827\" src=\"http:\/\/vhs-architecture.fr\/wp-content\/uploads\/2023\/11\/moyen-humain-illustration.jpg\" alt=\"\" class=\"wp-image-32\" srcset=\"https:\/\/vhs-architecture.fr\/wp-content\/uploads\/2023\/11\/moyen-humain-illustration.jpg 759w, https:\/\/vhs-architecture.fr\/wp-content\/uploads\/2023\/11\/moyen-humain-illustration-275x300.jpg 275w\" sizes=\"auto, (max-width: 759px) 100vw, 759px\" \/><\/figure>\n<\/div>\n\n\n\n<div class=\"wp-block-column is-layout-flow wp-block-column-is-layout-flow\" style=\"flex-basis:66.66%\">\n<p class=\"has-text-align-left has-small-font-size\">Victor Huttois est un jeune architecte Habilit\u00e9 \u00e0 la Maitrise d\u2019\u0152uvre en son Nom Propre (HMONP). Dipl\u00f4m\u00e9 de l\u2019\u00e9cole d\u2019architecture de Nancy et, suite \u00e0 une exp\u00e9rience en Allemagne, il s\u2019est tourn\u00e9 vers une production architecturale locale. Pour se faire, il s\u2019est investi 10 ann\u00e9es dans des agences travaillant sur diff\u00e9rentes typologies de projets sur le territoire du Grand Est. Ces multiples exp\u00e9riences lui ont permis d\u2019acqu\u00e9rir de solides comp\u00e9tences dans le domaine des \u00e9quipements publics vari\u00e9s, du logement collectif et individuel, et dans le domaine vinicole. En 2023, afin de porter ses convictions architecturales, urbaines et paysag\u00e8res, il cr\u00e9e sa propre soci\u00e9t\u00e9 : <strong>VHS Architecture<\/strong>.<\/p>\n<\/div>\n<\/div>\n\n\n\n<h2 class=\"wp-block-heading has-text-align-center\"><strong>NOS MISSIONS<\/strong><\/h2>\n\n\n\n<div class=\"wp-block-columns is-layout-flex wp-container-core-columns-is-layout-28f84493 wp-block-columns-is-layout-flex\">\n<div class=\"wp-block-column is-layout-flow wp-block-column-is-layout-flow\">\n<div class=\"wp-block-cover\" style=\"min-height:280px;aspect-ratio:unset;\"><img loading=\"lazy\" decoding=\"async\" width=\"1024\" height=\"1024\" class=\"wp-block-cover__image-background wp-image-60\" alt=\"\" src=\"https:\/\/vhs-architecture.fr\/wp-content\/uploads\/2023\/11\/IMG_4456-1024x1024.jpg\" data-object-fit=\"cover\" srcset=\"https:\/\/vhs-architecture.fr\/wp-content\/uploads\/2023\/11\/IMG_4456-1024x1024.jpg 1024w, https:\/\/vhs-architecture.fr\/wp-content\/uploads\/2023\/11\/IMG_4456-300x300.jpg 300w, https:\/\/vhs-architecture.fr\/wp-content\/uploads\/2023\/11\/IMG_4456-150x150.jpg 150w, https:\/\/vhs-architecture.fr\/wp-content\/uploads\/2023\/11\/IMG_4456-768x768.jpg 768w, https:\/\/vhs-architecture.fr\/wp-content\/uploads\/2023\/11\/IMG_4456-1536x1536.jpg 1536w, https:\/\/vhs-architecture.fr\/wp-content\/uploads\/2023\/11\/IMG_4456-2048x2048.jpg 2048w\" sizes=\"auto, (max-width: 1024px) 100vw, 1024px\" \/><span aria-hidden=\"true\" class=\"wp-block-cover__background has-background-dim\"><\/span><div class=\"wp-block-cover__inner-container is-layout-flow wp-block-cover-is-layout-flow\">\n<h2 class=\"wp-block-heading has-text-align-center\"><strong>CONCEPTION<\/strong><\/h2>\n<\/div><\/div>\n<\/div>\n\n\n\n<div class=\"wp-block-column is-layout-flow wp-block-column-is-layout-flow\">\n<div class=\"wp-block-cover\" style=\"min-height:280px;aspect-ratio:unset;\"><img loading=\"lazy\" decoding=\"async\" width=\"1024\" height=\"768\" class=\"wp-block-cover__image-background wp-image-59\" alt=\"\" src=\"https:\/\/vhs-architecture.fr\/wp-content\/uploads\/2023\/11\/IMG_4011-1024x768.jpg\" data-object-fit=\"cover\" srcset=\"https:\/\/vhs-architecture.fr\/wp-content\/uploads\/2023\/11\/IMG_4011-1024x768.jpg 1024w, https:\/\/vhs-architecture.fr\/wp-content\/uploads\/2023\/11\/IMG_4011-300x225.jpg 300w, https:\/\/vhs-architecture.fr\/wp-content\/uploads\/2023\/11\/IMG_4011-768x576.jpg 768w, https:\/\/vhs-architecture.fr\/wp-content\/uploads\/2023\/11\/IMG_4011-1536x1152.jpg 1536w, https:\/\/vhs-architecture.fr\/wp-content\/uploads\/2023\/11\/IMG_4011-2048x1536.jpg 2048w\" sizes=\"auto, (max-width: 1024px) 100vw, 1024px\" \/><span aria-hidden=\"true\" class=\"wp-block-cover__background has-background-dim\"><\/span><div class=\"wp-block-cover__inner-container is-layout-flow wp-block-cover-is-layout-flow\">\n<h2 class=\"wp-block-heading has-text-align-center\"><strong>SUIVI DE CHANTIER<\/strong><\/h2>\n<\/div><\/div>\n<\/div>\n<\/div>\n\n\n\n<h2 class=\"wp-block-heading has-text-align-center\"><strong>NOS PROJETS<\/strong><\/h2>\n\n\n\n<div class=\"wp-block-columns is-layout-flex wp-container-core-columns-is-layout-28f84493 wp-block-columns-is-layout-flex\">\n<div class=\"wp-block-column is-layout-flow wp-block-column-is-layout-flow\">\n<div class=\"wp-block-cover\" style=\"min-height:430px;aspect-ratio:unset;\"><img loading=\"lazy\" decoding=\"async\" width=\"1024\" height=\"681\" class=\"wp-block-cover__image-background wp-image-16\" alt=\"\" src=\"http:\/\/vhs-architecture.fr\/wp-content\/uploads\/2023\/11\/Capture-decran-2023-09-01-a-11.41.03-1024x681.png\" data-object-fit=\"cover\" srcset=\"https:\/\/vhs-architecture.fr\/wp-content\/uploads\/2023\/11\/Capture-decran-2023-09-01-a-11.41.03-1024x681.png 1024w, https:\/\/vhs-architecture.fr\/wp-content\/uploads\/2023\/11\/Capture-decran-2023-09-01-a-11.41.03-300x200.png 300w, https:\/\/vhs-architecture.fr\/wp-content\/uploads\/2023\/11\/Capture-decran-2023-09-01-a-11.41.03-768x511.png 768w, https:\/\/vhs-architecture.fr\/wp-content\/uploads\/2023\/11\/Capture-decran-2023-09-01-a-11.41.03.png 1043w\" sizes=\"auto, (max-width: 1024px) 100vw, 1024px\" \/><span aria-hidden=\"true\" class=\"wp-block-cover__background has-background-dim\"><\/span><div class=\"wp-block-cover__inner-container is-layout-flow wp-block-cover-is-layout-flow\">\n<h2 class=\"wp-block-heading has-text-align-center\"><strong>LA BRAISE<\/strong><\/h2>\n<\/div><\/div>\n<\/div>\n\n\n\n<div class=\"wp-block-column is-layout-flow wp-block-column-is-layout-flow\">\n<div class=\"wp-block-cover\" style=\"min-height:430px;aspect-ratio:unset;\"><img loading=\"lazy\" decoding=\"async\" width=\"1024\" height=\"683\" class=\"wp-block-cover__image-background wp-image-15\" alt=\"\" src=\"http:\/\/vhs-architecture.fr\/wp-content\/uploads\/2023\/11\/original_DSC-5131-original_0-1024x683.jpg\" data-object-fit=\"cover\" srcset=\"https:\/\/vhs-architecture.fr\/wp-content\/uploads\/2023\/11\/original_DSC-5131-original_0-1024x683.jpg 1024w, https:\/\/vhs-architecture.fr\/wp-content\/uploads\/2023\/11\/original_DSC-5131-original_0-300x200.jpg 300w, https:\/\/vhs-architecture.fr\/wp-content\/uploads\/2023\/11\/original_DSC-5131-original_0-768x512.jpg 768w, https:\/\/vhs-architecture.fr\/wp-content\/uploads\/2023\/11\/original_DSC-5131-original_0-1536x1024.jpg 1536w, https:\/\/vhs-architecture.fr\/wp-content\/uploads\/2023\/11\/original_DSC-5131-original_0-2048x1366.jpg 2048w\" sizes=\"auto, (max-width: 1024px) 100vw, 1024px\" \/><span aria-hidden=\"true\" class=\"wp-block-cover__background has-background-dim\"><\/span><div class=\"wp-block-cover__inner-container is-layout-flow wp-block-cover-is-layout-flow\">\n<h2 class=\"wp-block-heading has-text-align-center\"><strong>LE COQ ROUGE<\/strong><\/h2>\n<\/div><\/div>\n<\/div>\n<\/div>\n\n\n\n<div class=\"wp-block-columns is-layout-flex wp-container-core-columns-is-layout-28f84493 wp-block-columns-is-layout-flex\">\n<div class=\"wp-block-column is-layout-flow wp-block-column-is-layout-flow\">\n<div class=\"wp-block-cover\" style=\"min-height:240px;aspect-ratio:unset;\"><img loading=\"lazy\" decoding=\"async\" width=\"1024\" height=\"639\" class=\"wp-block-cover__image-background wp-image-28\" alt=\"\" src=\"https:\/\/vhs-architecture.fr\/wp-content\/uploads\/2023\/11\/27_KIL_MAISON-KILICASLAN-PC6-ind-K-Image1-1024x639.jpg\" data-object-fit=\"cover\" srcset=\"https:\/\/vhs-architecture.fr\/wp-content\/uploads\/2023\/11\/27_KIL_MAISON-KILICASLAN-PC6-ind-K-Image1-1024x639.jpg 1024w, https:\/\/vhs-architecture.fr\/wp-content\/uploads\/2023\/11\/27_KIL_MAISON-KILICASLAN-PC6-ind-K-Image1-300x187.jpg 300w, https:\/\/vhs-architecture.fr\/wp-content\/uploads\/2023\/11\/27_KIL_MAISON-KILICASLAN-PC6-ind-K-Image1-768x480.jpg 768w, https:\/\/vhs-architecture.fr\/wp-content\/uploads\/2023\/11\/27_KIL_MAISON-KILICASLAN-PC6-ind-K-Image1-1536x959.jpg 1536w, https:\/\/vhs-architecture.fr\/wp-content\/uploads\/2023\/11\/27_KIL_MAISON-KILICASLAN-PC6-ind-K-Image1.jpg 1667w\" sizes=\"auto, (max-width: 1024px) 100vw, 1024px\" \/><span aria-hidden=\"true\" class=\"wp-block-cover__background has-background-dim\"><\/span><div class=\"wp-block-cover__inner-container is-layout-flow wp-block-cover-is-layout-flow\">\n<h2 class=\"wp-block-heading has-text-align-center\"><strong>CHAMPIGNY<\/strong><\/h2>\n<\/div><\/div>\n<\/div>\n\n\n\n<div class=\"wp-block-column is-layout-flow wp-block-column-is-layout-flow\">\n<div class=\"wp-block-cover\" style=\"min-height:240px;aspect-ratio:unset;\"><img loading=\"lazy\" decoding=\"async\" width=\"1024\" height=\"646\" class=\"wp-block-cover__image-background wp-image-29\" alt=\"\" src=\"https:\/\/vhs-architecture.fr\/wp-content\/uploads\/2023\/11\/Balcon-1024x646.jpg\" data-object-fit=\"cover\" srcset=\"https:\/\/vhs-architecture.fr\/wp-content\/uploads\/2023\/11\/Balcon-1024x646.jpg 1024w, https:\/\/vhs-architecture.fr\/wp-content\/uploads\/2023\/11\/Balcon-300x189.jpg 300w, https:\/\/vhs-architecture.fr\/wp-content\/uploads\/2023\/11\/Balcon-768x485.jpg 768w, https:\/\/vhs-architecture.fr\/wp-content\/uploads\/2023\/11\/Balcon-1536x969.jpg 1536w, https:\/\/vhs-architecture.fr\/wp-content\/uploads\/2023\/11\/Balcon.jpg 1756w\" sizes=\"auto, (max-width: 1024px) 100vw, 1024px\" \/><span aria-hidden=\"true\" class=\"wp-block-cover__background has-background-dim\"><\/span><div class=\"wp-block-cover__inner-container is-layout-flow wp-block-cover-is-layout-flow\">\n<h2 class=\"wp-block-heading has-text-align-center\"><strong>BALCON<\/strong><\/h2>\n<\/div><\/div>\n<\/div>\n<\/div>\n\n\n\n<div class=\"wp-block-columns is-layout-flex wp-container-core-columns-is-layout-28f84493 wp-block-columns-is-layout-flex\">\n<div class=\"wp-block-column is-layout-flow wp-block-column-is-layout-flow\">\n<div class=\"wp-block-cover\" style=\"min-height:270px;aspect-ratio:unset;\"><img loading=\"lazy\" decoding=\"async\" width=\"769\" height=\"1024\" class=\"wp-block-cover__image-background wp-image-77 size-large\" alt=\"\" src=\"http:\/\/vhs-architecture.fr\/wp-content\/uploads\/2026\/01\/AP1040519-769x1024.jpg\" data-object-fit=\"cover\" srcset=\"https:\/\/vhs-architecture.fr\/wp-content\/uploads\/2026\/01\/AP1040519-769x1024.jpg 769w, https:\/\/vhs-architecture.fr\/wp-content\/uploads\/2026\/01\/AP1040519-225x300.jpg 225w, https:\/\/vhs-architecture.fr\/wp-content\/uploads\/2026\/01\/AP1040519-768x1023.jpg 768w, https:\/\/vhs-architecture.fr\/wp-content\/uploads\/2026\/01\/AP1040519-1153x1536.jpg 1153w, https:\/\/vhs-architecture.fr\/wp-content\/uploads\/2026\/01\/AP1040519-1538x2048.jpg 1538w, https:\/\/vhs-architecture.fr\/wp-content\/uploads\/2026\/01\/AP1040519-scaled.jpg 1922w\" sizes=\"auto, (max-width: 769px) 100vw, 769px\" \/><span aria-hidden=\"true\" class=\"wp-block-cover__background has-background-dim\" style=\"background-color:#856c5b\"><\/span><div class=\"wp-block-cover__inner-container is-layout-flow wp-block-cover-is-layout-flow\">\n<h2 class=\"wp-block-heading has-text-align-center\"><strong>LA MAISON DES 7 NAINS<\/strong><\/h2>\n<\/div><\/div>\n\n\n\n<div class=\"wp-block-buttons is-layout-flex wp-block-buttons-is-layout-flex\">\n<div class=\"wp-block-button\"><a class=\"wp-block-button__link wp-element-button\" href=\"https:\/\/vhs-architecture.fr\/index.php\/la-maison-des-7-nains\/\">+<\/a><\/div>\n<\/div>\n<\/div>\n\n\n\n<div class=\"wp-block-column is-layout-flow wp-block-column-is-layout-flow\">\n<div class=\"wp-block-cover\" style=\"min-height:270px;aspect-ratio:unset;\"><img loading=\"lazy\" decoding=\"async\" width=\"1024\" height=\"795\" class=\"wp-block-cover__image-background wp-image-31\" alt=\"\" src=\"https:\/\/vhs-architecture.fr\/wp-content\/uploads\/2023\/11\/IMG_4415-1024x795.jpg\" data-object-fit=\"cover\" srcset=\"https:\/\/vhs-architecture.fr\/wp-content\/uploads\/2023\/11\/IMG_4415-1024x795.jpg 1024w, https:\/\/vhs-architecture.fr\/wp-content\/uploads\/2023\/11\/IMG_4415-300x233.jpg 300w, https:\/\/vhs-architecture.fr\/wp-content\/uploads\/2023\/11\/IMG_4415-768x596.jpg 768w, https:\/\/vhs-architecture.fr\/wp-content\/uploads\/2023\/11\/IMG_4415-1536x1192.jpg 1536w, https:\/\/vhs-architecture.fr\/wp-content\/uploads\/2023\/11\/IMG_4415-2048x1590.jpg 2048w\" sizes=\"auto, (max-width: 1024px) 100vw, 1024px\" \/><span aria-hidden=\"true\" class=\"wp-block-cover__background has-background-dim\"><\/span><div class=\"wp-block-cover__inner-container is-layout-flow wp-block-cover-is-layout-flow\">\n<h2 class=\"wp-block-heading has-text-align-center\"><strong>CASE A PAIN<\/strong><\/h2>\n<\/div><\/div>\n<\/div>\n<\/div>\n\n\n\n<figure class=\"wp-block-image size-full is-resized\"><img loading=\"lazy\" decoding=\"async\" width=\"560\" height=\"204\" src=\"http:\/\/vhs-architecture.fr\/wp-content\/uploads\/2023\/11\/logo-vhs.jpg\" alt=\"\" class=\"wp-image-11\" style=\"width:739px;height:auto\" srcset=\"https:\/\/vhs-architecture.fr\/wp-content\/uploads\/2023\/11\/logo-vhs.jpg 560w, https:\/\/vhs-architecture.fr\/wp-content\/uploads\/2023\/11\/logo-vhs-300x109.jpg 300w\" sizes=\"auto, (max-width: 560px) 100vw, 560px\" \/><\/figure>\n\n\n\n<figure class=\"wp-block-image size-large\"><img loading=\"lazy\" decoding=\"async\" width=\"1024\" height=\"176\" src=\"http:\/\/vhs-architecture.fr\/wp-content\/uploads\/2023\/11\/07_-_oa.2_avec_mention-_mono_n-1024x176.jpg\" alt=\"\" class=\"wp-image-26\" srcset=\"https:\/\/vhs-architecture.fr\/wp-content\/uploads\/2023\/11\/07_-_oa.2_avec_mention-_mono_n-1024x176.jpg 1024w, https:\/\/vhs-architecture.fr\/wp-content\/uploads\/2023\/11\/07_-_oa.2_avec_mention-_mono_n-300x52.jpg 300w, https:\/\/vhs-architecture.fr\/wp-content\/uploads\/2023\/11\/07_-_oa.2_avec_mention-_mono_n-768x132.jpg 768w, https:\/\/vhs-architecture.fr\/wp-content\/uploads\/2023\/11\/07_-_oa.2_avec_mention-_mono_n-1536x264.jpg 1536w, https:\/\/vhs-architecture.fr\/wp-content\/uploads\/2023\/11\/07_-_oa.2_avec_mention-_mono_n-2048x353.jpg 2048w\" sizes=\"auto, (max-width: 1024px) 100vw, 1024px\" \/><\/figure>\n","protected":false},"excerpt":{"rendered":"<p>NOUS Victor Huttois est un jeune architecte Habilit\u00e9 \u00e0 la Maitrise d\u2019\u0152uvre en son Nom Propre (HMONP). Dipl\u00f4m\u00e9 de l\u2019\u00e9cole d\u2019architecture de Nancy et, suite \u00e0 une exp\u00e9rience en Allemagne, il s\u2019est tourn\u00e9 vers une production architecturale locale. Pour se faire, il s\u2019est investi 10 ann\u00e9es dans des agences travaillant sur diff\u00e9rentes typologies de projets [&hellip;]<\/p>\n","protected":false},"author":1,"featured_media":0,"parent":0,"menu_order":0,"comment_status":"closed","ping_status":"closed","template":"","meta":{"footnotes":""},"class_list":["post-25","page","type-page","status-publish","hentry"],"_links":{"self":[{"href":"https:\/\/vhs-architecture.fr\/index.php\/wp-json\/wp\/v2\/pages\/25","targetHints":{"allow":["GET"]}}],"collection":[{"href":"https:\/\/vhs-architecture.fr\/index.php\/wp-json\/wp\/v2\/pages"}],"about":[{"href":"https:\/\/vhs-architecture.fr\/index.php\/wp-json\/wp\/v2\/types\/page"}],"author":[{"embeddable":true,"href":"https:\/\/vhs-architecture.fr\/index.php\/wp-json\/wp\/v2\/users\/1"}],"replies":[{"embeddable":true,"href":"https:\/\/vhs-architecture.fr\/index.php\/wp-json\/wp\/v2\/comments?post=25"}],"version-history":[{"count":22,"href":"https:\/\/vhs-architecture.fr\/index.php\/wp-json\/wp\/v2\/pages\/25\/revisions"}],"predecessor-version":[{"id":96,"href":"https:\/\/vhs-architecture.fr\/index.php\/wp-json\/wp\/v2\/pages\/25\/revisions\/96"}],"wp:attachment":[{"href":"https:\/\/vhs-architecture.fr\/index.php\/wp-json\/wp\/v2\/media?parent=25"}],"curies":[{"name":"wp","href":"https:\/\/api.w.org\/{rel}","templated":true}]}}